{"id":600,"date":"2025-03-28T01:13:58","date_gmt":"2025-03-28T01:13:58","guid":{"rendered":"https:\/\/btssioclm.ddec.pf\/?page_id=600"},"modified":"2025-04-29T00:25:52","modified_gmt":"2025-04-29T00:25:52","slug":"inscription-a-la-formation","status":"publish","type":"page","link":"https:\/\/btssioclm.ddec.pf\/?page_id=600","title":{"rendered":"INSCRIPTION"},"content":{"rendered":"\t\t<div data-elementor-type=\"wp-page\" data-elementor-id=\"600\" class=\"elementor elementor-600\" data-elementor-post-type=\"page\">\n\t\t\t\t<div class=\"elementor-element elementor-element-5f2c111 e-flex e-con-boxed e-con e-parent\" data-id=\"5f2c111\" data-element_type=\"container\">\n\t\t\t\t\t<div class=\"e-con-inner\">\n\t\t\t\t<div class=\"elementor-element elementor-element-0a4a238 elementor-widget elementor-widget-text-editor\" data-id=\"0a4a238\" data-element_type=\"widget\" data-widget_type=\"text-editor.default\">\n\t\t\t\t<div class=\"elementor-widget-container\">\n\t\t\t\t\t\t\t\t\t<p>Inscription \u00e0 la Formation<br \/>Comment s&rsquo;inscrire, \u00e9tape par \u00e9tape !<\/p>\t\t\t\t\t\t\t\t<\/div>\n\t\t\t\t<\/div>\n\t\t\t\t\t<\/div>\n\t\t\t\t<\/div>\n\t\t<div class=\"elementor-element elementor-element-a53001c e-flex e-con-boxed e-con e-parent\" data-id=\"a53001c\" data-element_type=\"container\">\n\t\t\t\t\t<div class=\"e-con-inner\">\n\t\t<div class=\"elementor-element elementor-element-245fbd8 e-con-full e-flex e-con e-child\" data-id=\"245fbd8\" data-element_type=\"container\">\n\t\t\t\t<div class=\"elementor-element elementor-element-9633b2b elementor-widget elementor-widget-text-editor\" data-id=\"9633b2b\" data-element_type=\"widget\" data-widget_type=\"text-editor.default\">\n\t\t\t\t<div class=\"elementor-widget-container\">\n\t\t\t\t\t\t\t\t\t<p style=\"text-align: left;\"><span style=\"text-decoration: underline;\"><strong>Inscription sur Parcoursup :<\/strong><\/span><\/p>\n<p><strong>BTS SIO SISR LA MENNAIS <\/strong><\/p>\n<ul>\n<li style=\"text-align: left;\">Lettre de Motivation et Projet Avenir \u00e0 r\u00e9diger<\/li>\n<li style=\"text-align: left;\">Notes et Appr\u00e9ciations de 1\u00e8re et Terminales (1er et 2\u00e8me trimestre) prises en compte.<\/li>\n<\/ul>\t\t\t\t\t\t\t\t<\/div>\n\t\t\t\t<\/div>\n\t\t\t\t<\/div>\n\t\t<div class=\"elementor-element elementor-element-4a114f9 e-con-full e-flex e-con e-child\" data-id=\"4a114f9\" data-element_type=\"container\">\n\t\t\t\t<div class=\"elementor-element elementor-element-8a76753 elementor-widget elementor-widget-text-editor\" data-id=\"8a76753\" data-element_type=\"widget\" data-widget_type=\"text-editor.default\">\n\t\t\t\t<div class=\"elementor-widget-container\">\n\t\t\t\t\t\t\t\t\t<p><span style=\"text-decoration: underline;\"><strong>Inscription en Candidat libre:<\/strong><\/span><\/p>\n<p><strong>Au Secr\u00e9tariat<\/strong><\/p>\n<ul>\n<li>p\u00e9riode: Avril-Mai, Juin au plus tard<\/li>\n<li>document \u00e0 fournir: CV, lettre de motivation et bulletins Terminal et 1\u00e8re.<\/li>\n<\/ul>\t\t\t\t\t\t\t\t<\/div>\n\t\t\t\t<\/div>\n\t\t\t\t<\/div>\n\t\t\t\t\t<\/div>\n\t\t\t\t<\/div>\n\t\t<div class=\"elementor-element elementor-element-4641689 e-flex e-con-boxed e-con e-parent\" data-id=\"4641689\" data-element_type=\"container\">\n\t\t\t\t\t<div class=\"e-con-inner\">\n\t\t\t\t<div class=\"elementor-element elementor-element-d0cfb90 elementor-widget elementor-widget-text-editor\" data-id=\"d0cfb90\" data-element_type=\"widget\" data-widget_type=\"text-editor.default\">\n\t\t\t\t<div class=\"elementor-widget-container\">\n\t\t\t\t\t\t\t\t\t<p><span style=\"text-decoration: underline;\"><strong>Conseils :<\/strong><\/span><\/p>\n<ul>\n<li>La Formation favorise les Appr\u00e9ciations,\u00a0 l&rsquo;Investissement et la Motivation des Etudiants<\/li>\n<li>Places limit\u00e9es, environ 15 Etudiants.<\/li>\n<\/ul>\t\t\t\t\t\t\t\t<\/div>\n\t\t\t\t<\/div>\n\t\t\t\t\t<\/div>\n\t\t\t\t<\/div>\n\t\t<div class=\"elementor-element elementor-element-2d6c7ed e-flex e-con-boxed e-con e-parent\" data-id=\"2d6c7ed\" data-element_type=\"container\">\n\t\t\t\t\t<div class=\"e-con-inner\">\n\t\t\t\t<div class=\"elementor-element elementor-element-8a93248 elementor-widget elementor-widget-image\" data-id=\"8a93248\" data-element_type=\"widget\" data-widget_type=\"image.default\">\n\t\t\t\t<div class=\"elementor-widget-container\">\n\t\t\t\t\t\t\t\t\t\t\t\t\t\t\t<img decoding=\"async\" src=\"https:\/\/btssioclm.ddec.pf\/wp-content\/uploads\/elementor\/thumbs\/20250317_122821-scaled-r3i05oi0cx8mfrzwc1yxph4krs46sxkg10wz3gy2a0.jpg\" title=\"20250317_122821\" alt=\"20250317_122821\" loading=\"lazy\" \/>\t\t\t\t\t\t\t\t\t\t\t\t\t\t\t<\/div>\n\t\t\t\t<\/div>\n\t\t\t\t\t<\/div>\n\t\t\t\t<\/div>\n\t\t\t\t<\/div>\n\t\t","protected":false},"excerpt":{"rendered":"<p>Inscription \u00e0 la FormationComment s&rsquo;inscrire, \u00e9tape par \u00e9tape ! Inscription sur Parcoursup : BTS SIO SISR LA MENNAIS Lettre de Motivation et Projet Avenir \u00e0 r\u00e9diger Notes et Appr\u00e9ciations de 1\u00e8re et Terminales (1er et 2\u00e8me trimestre) prises en compte. Inscription en Candidat libre: Au Secr\u00e9tariat p\u00e9riode: Avril-Mai, Juin au plus tard document \u00e0 fournir: [&hellip;]<\/p>\n","protected":false},"author":1,"featured_media":0,"parent":0,"menu_order":0,"comment_status":"closed","ping_status":"closed","template":"","meta":{"om_disable_all_campaigns":false,"_monsterinsights_skip_tracking":false,"_monsterinsights_sitenote_active":false,"_monsterinsights_sitenote_note":"","_monsterinsights_sitenote_category":0,"_glsr_average":0,"_glsr_ranking":0,"_glsr_reviews":0,"footnotes":""},"class_list":["post-600","page","type-page","status-publish","hentry"],"aioseo_notices":[],"_links":{"self":[{"href":"https:\/\/btssioclm.ddec.pf\/index.php?rest_route=\/wp\/v2\/pages\/600","targetHints":{"allow":["GET"]}}],"collection":[{"href":"https:\/\/btssioclm.ddec.pf\/index.php?rest_route=\/wp\/v2\/pages"}],"about":[{"href":"https:\/\/btssioclm.ddec.pf\/index.php?rest_route=\/wp\/v2\/types\/page"}],"author":[{"embeddable":true,"href":"https:\/\/btssioclm.ddec.pf\/index.php?rest_route=\/wp\/v2\/users\/1"}],"replies":[{"embeddable":true,"href":"https:\/\/btssioclm.ddec.pf\/index.php?rest_route=%2Fwp%2Fv2%2Fcomments&post=600"}],"version-history":[{"count":16,"href":"https:\/\/btssioclm.ddec.pf\/index.php?rest_route=\/wp\/v2\/pages\/600\/revisions"}],"predecessor-version":[{"id":1764,"href":"https:\/\/btssioclm.ddec.pf\/index.php?rest_route=\/wp\/v2\/pages\/600\/revisions\/1764"}],"wp:attachment":[{"href":"https:\/\/btssioclm.ddec.pf\/index.php?rest_route=%2Fwp%2Fv2%2Fmedia&parent=600"}],"curies":[{"name":"wp","href":"https:\/\/api.w.org\/{rel}","templated":true}]}}